{"id":4847,"date":"2011-09-19T14:57:40","date_gmt":"2011-09-19T14:57:40","guid":{"rendered":"http:\/\/localhost.local:8888\/karma-demo\/?page_id=4847"},"modified":"2012-01-18T20:40:26","modified_gmt":"2012-01-18T20:40:26","slug":"empresa","status":"publish","type":"page","link":"http:\/\/qaustral.com.ar\/sitio\/empresa\/","title":{"rendered":"Empresa"},"content":{"rendered":"<p>QAustral posee un centro de Testing con experiencia internacional, y es proveedor de los cursos oficiales de HASTQB para la certificaci\u00f3n ISTQB (International Software Testing Qualifications Board) en Latinoam\u00e9rica. Nuestro Servicio de Calidad de Negocios es un complemento de gran valor en los procesos de mejora continua,  estableciendo una clara observaci\u00f3n entre las espectativas de los clientes y el producto o servicio entregado.<\/p>\n<p>El servicio propuesto por nuestra firma es mucho m\u00e1s que una externalizaci\u00f3n de servicios de testing o consultor\u00eda. Se trata de un conjunto de elementos que pueden aportar un valor distintivo en la calidad de servicios de cualquier empresa. <\/p>\n<p>Construir imagen en relaci\u00f3n a la calidad es una actividad que debe ser realizada por especialistas, y que adem\u00e1s aporta un valor \u00fanico en el mercado, y diferenciador frente a cualquier competencia. <\/p>\n<p>Somos especialistas en calidad de software y negocios; de este modo su proyecto puede enriquecerse con una imagen empresarial solida en el mercado, contando con un aliado estrat\u00e9gico de trayectoria internacional y de gran disponibilidad en tiempos, idioma, infraestructura y red de contactos.<\/p>\n<p>La iniciativa de QAustral ha dado el primer paso para la creaci\u00f3n de la norma Argentina de Calidad de Software; al formar parte de HASTQB e integrar por primera vez en la regi\u00f3n una presencia oficial de cursos de la norma internacional ISTQB. Estos adelantos de vanguardia han permitido a nuestra firma contar con un Staff de amplio conocimiento en diferntes estrategias de Testing, bajo los procedimientos de la norma internacional, y contando con profesionales certificados y equipos entrenados.<\/p>\n","protected":false},"excerpt":{"rendered":"<p>QAustral posee un centro de Testing con experiencia internacional, y es proveedor de los cursos oficiales de HASTQB para la certificaci\u00f3n ISTQB (International Software Testing Qualifications Board) en Latinoam\u00e9rica. Nuestro Servicio de Calidad de Negocios es un complemento de gran valor en los procesos de mejora continua,  estableciendo una clara observaci\u00f3n entre las espectativas de los clientes y el producto o servicio entregado.<br \/>\nEl servicio propuesto por nuestra firma es mucho m\u00e1s que una externalizaci\u00f3n de servicios de testing &#8230;<\/p>\n","protected":false},"author":1,"featured_media":0,"parent":0,"menu_order":0,"comment_status":"closed","ping_status":"closed","template":"template_leftnav.php","meta":{"footnotes":""},"class_list":["post-4847","page","type-page","status-publish","hentry"],"_links":{"self":[{"href":"http:\/\/qaustral.com.ar\/sitio\/wp-json\/wp\/v2\/pages\/4847","targetHints":{"allow":["GET"]}}],"collection":[{"href":"http:\/\/qaustral.com.ar\/sitio\/wp-json\/wp\/v2\/pages"}],"about":[{"href":"http:\/\/qaustral.com.ar\/sitio\/wp-json\/wp\/v2\/types\/page"}],"author":[{"embeddable":true,"href":"http:\/\/qaustral.com.ar\/sitio\/wp-json\/wp\/v2\/users\/1"}],"replies":[{"embeddable":true,"href":"http:\/\/qaustral.com.ar\/sitio\/wp-json\/wp\/v2\/comments?post=4847"}],"version-history":[{"count":6,"href":"http:\/\/qaustral.com.ar\/sitio\/wp-json\/wp\/v2\/pages\/4847\/revisions"}],"predecessor-version":[{"id":5111,"href":"http:\/\/qaustral.com.ar\/sitio\/wp-json\/wp\/v2\/pages\/4847\/revisions\/5111"}],"wp:attachment":[{"href":"http:\/\/qaustral.com.ar\/sitio\/wp-json\/wp\/v2\/media?parent=4847"}],"curies":[{"name":"wp","href":"https:\/\/api.w.org\/{rel}","templated":true}]}}