{"id":4905,"date":"2011-09-19T19:12:07","date_gmt":"2011-09-19T19:12:07","guid":{"rendered":"http:\/\/localhost.local:8888\/karma-demo\/?page_id=4905"},"modified":"2012-03-26T14:42:30","modified_gmt":"2012-03-26T14:42:30","slug":"servicios","status":"publish","type":"page","link":"http:\/\/qaustral.com.ar\/sitio\/servicios\/","title":{"rendered":"Servicios"},"content":{"rendered":"<p>QAustral ofrece servicios especializados en Calidad de Software y Negocios. Nuestro Portfolio se extiende en servicios especializados de:<\/p>\n<p><strong><a href=\"http:\/\/qaustral.com.ar\/sitio\/servicios\/left-nav\/\" title=\"Calidad de Software - Testing\">Calidad de Software<\/a><\/strong><br \/>\nAplicamos metodolog\u00edas \u00e1giles (Ej.extreme programming) o tradicionales dependiendo de las  caracter\u00edsticas del producto que se desarrolla.<br \/>\nAcompa\u00f1amos el proceso de desarrollo con Analistas mediante las etapas especificas de cada desarrollo de software, asegurando la calidad del servicio y un producto final libre de bugs.<br \/>\nEl equipo de profesionales de QAustral cuenta con certificaci\u00f3n internacional ISTQB y ha participado en servicios de testing a nuestros clientes en todo el mundo.<\/p>\n<p><strong><a href=\"http:\/\/qaustral.com.ar\/sitio\/servicios\/left-nav-sidebar\/\" title=\"Calidad de Negocios\">Calidad de Negocios<\/a><\/strong><br \/>\nLa Calidad de Negocios que ofrece QAustral S.A. responde a los requerimientos de las normas ISSO, ISTQB, y CMM. Selecci\u00f3n de Personal, Head Hunting, M\u00e9tricas de satisfacci\u00f3n de Clientes, desarrollo de aplicaciones institucionales para el mejoramiento de relaciones empresariales; Regionalizaci\u00f3n Internacional de Empresas y reinserci\u00f3n laboral; son algunos de los servicios ofrecidos desde una empresa de amplia trayectoria y referencias en Calidad Integral.<\/p>\n<p><strong><a href=\"http:\/\/qaustral.com.ar\/sitio\/servicios\/formaciones\/\" title=\"Capacitaciones\">Capacitaciones Oficiales<\/a><\/strong><br \/>\nEn la actualidad m\u00e1s de tres centenares de especialistas inform\u00e1ticos se han capacitado en las instrucciones de QAustral, en cursos particulares, cursos para empresas, o en las diplomaturas dictadas en la Universidad Empresarial Siglo XXI y en la Universidad Tecnol\u00f3gica Nacional.<br \/>\nLa empresa cuenta con profesionales certificados en normas ISTQB en Londres, participa y dicta seminarios internacionales en Europa, Latinoam\u00e9rica y en distintas regiones de Argentina, como en C\u00f3rdoba, Jujuy, Buenos Aires y otras ciudades del pa\u00eds.<br \/>\nLa participaci\u00f3n de la empresa en entrenamientos brindados en Brasil, Europa y Argentina, demuestran la importancia del dominio de la norma internacional ISTQB en la calidad de software a nivel global.<\/p>\n<p><strong><a href=\"http:\/\/qaustral.com.ar\/sitio\/servicios\/right-nav\/\" title=\"Back Office\">Back Office<\/a><\/strong><br \/>\nLa experiencia y actividad propuesta en los servicios de Calidad de Negocios motivan un complemento ideal con la actividad de Back Office. Desarrollamos esta propuesta como una funci\u00f3n aislada o como parte de un proceso integral del negocio relacionado directamente con la Atenci\u00f3n al Cliente.<\/p>\n","protected":false},"excerpt":{"rendered":"<p>QAustral ofrece servicios especializados en Calidad de Software y Negocios. Nuestro Portfolio se extiende en servicios especializados de:<br \/>\nCalidad de Software<br \/>\nAplicamos metodolog\u00edas \u00e1giles (Ej.extreme programming) o tradicionales dependiendo de las  caracter\u00edsticas del producto que se desarrolla.<br \/>\nAcompa\u00f1amos el proceso de desarrollo con Analistas mediante las etapas especificas de cada desarrollo de software, asegurando la calidad del servicio y un producto final libre de bugs.<br \/>\nEl equipo de profesionales de QAustral cuenta con certificaci\u00f3n internacional ISTQB y ha participado &#8230;<\/p>\n","protected":false},"author":1,"featured_media":0,"parent":0,"menu_order":0,"comment_status":"closed","ping_status":"closed","template":"template_leftnav.php","meta":{"footnotes":""},"class_list":["post-4905","page","type-page","status-publish","hentry"],"_links":{"self":[{"href":"http:\/\/qaustral.com.ar\/sitio\/wp-json\/wp\/v2\/pages\/4905","targetHints":{"allow":["GET"]}}],"collection":[{"href":"http:\/\/qaustral.com.ar\/sitio\/wp-json\/wp\/v2\/pages"}],"about":[{"href":"http:\/\/qaustral.com.ar\/sitio\/wp-json\/wp\/v2\/types\/page"}],"author":[{"embeddable":true,"href":"http:\/\/qaustral.com.ar\/sitio\/wp-json\/wp\/v2\/users\/1"}],"replies":[{"embeddable":true,"href":"http:\/\/qaustral.com.ar\/sitio\/wp-json\/wp\/v2\/comments?post=4905"}],"version-history":[{"count":7,"href":"http:\/\/qaustral.com.ar\/sitio\/wp-json\/wp\/v2\/pages\/4905\/revisions"}],"predecessor-version":[{"id":5059,"href":"http:\/\/qaustral.com.ar\/sitio\/wp-json\/wp\/v2\/pages\/4905\/revisions\/5059"}],"wp:attachment":[{"href":"http:\/\/qaustral.com.ar\/sitio\/wp-json\/wp\/v2\/media?parent=4905"}],"curies":[{"name":"wp","href":"https:\/\/api.w.org\/{rel}","templated":true}]}}