{"id":5036,"date":"2012-01-02T17:15:06","date_gmt":"2012-01-02T17:15:06","guid":{"rendered":"http:\/\/qaustral.com.ar\/sitio\/?page_id=5036"},"modified":"2019-11-08T02:21:00","modified_gmt":"2019-11-08T02:21:00","slug":"formaciones","status":"publish","type":"page","link":"http:\/\/qaustral.com.ar\/sitio\/servicios\/formaciones\/","title":{"rendered":"Capacitaciones"},"content":{"rendered":"<p><strong>QAustral ha desarrollado un programa de formaciones donde los profesionales interesados pueden encontrar respuestas a sus necesidades particulares de conocimiento y entrenamiento.<\/strong><br \/>\nFormaciones de Calidad de Negocios, Capacitaciones en diferentes estrategias de Testing y niveles de conocimiento, Herraminetas, y cursos se complementan para aportar soluciones en un nivel alto de exigencias y profesionalismo.<\/p>\n<p>La firma posee una trayectoria importante en las propuestas de formaciones donde ya han tomado parte m\u00e1s de 300 profesionales. En 2007 QAustral cre\u00f3 por primera vez en Argentina, la Diplomatura en Testing de Software profesional que fue dictada de modo oficial y aprobada por el Ministerio de Educaci\u00f3n en conjunto con la Universidad Empresarial Siglo XXI. Posteriormente otras universidades contaron con la participaci\u00f3n de QAustral en el dictado de Diplomaturas de Testing, como la Universidad Tecnol\u00f3gica Nacional. Adem\u00e1s de los entrenamientos empresariales que se han extendido incluso a empresas de Brasil.<br \/>\nDurante 2009 el equipo de QAustral  dict\u00f3 y particip\u00f3 de seminarios internacionales en Am\u00e9rica Latina y Europa; consolidando la presencia acad\u00e9mica y convirti\u00e9ndose en miembro del Comit\u00e9 de Pruebas de Software de Hispanoam\u00e9rica; Hispanic America Software Testing Qualification Board (HASTQB). En 2010, la empresa comienza el dictado por primera vez de cursos homologados y oficiales en Argentina, del International Software Testing Qualifications Board (ISTQB) incluyendo el examen de certificaci\u00f3n internacional.<\/p>\n","protected":false},"excerpt":{"rendered":"<p>QAustral ha desarrollado un programa de formaciones donde los profesionales interesados pueden encontrar respuestas a sus necesidades particulares de conocimiento y entrenamiento.<br \/>\nFormaciones de Calidad de Negocios, Capacitaciones en diferentes estrategias de Testing y niveles de conocimiento, Herraminetas, y cursos se complementan para aportar soluciones en un nivel alto de exigencias y profesionalismo.<br \/>\nLa firma posee una trayectoria importante en las propuestas de formaciones donde ya han tomado parte m\u00e1s de 300 profesionales. En 2007 QAustral cre\u00f3 por primera vez &#8230;<\/p>\n","protected":false},"author":2,"featured_media":0,"parent":4905,"menu_order":3,"comment_status":"closed","ping_status":"closed","template":"template_leftnav.php","meta":{"footnotes":""},"class_list":["post-5036","page","type-page","status-publish","hentry"],"_links":{"self":[{"href":"http:\/\/qaustral.com.ar\/sitio\/wp-json\/wp\/v2\/pages\/5036","targetHints":{"allow":["GET"]}}],"collection":[{"href":"http:\/\/qaustral.com.ar\/sitio\/wp-json\/wp\/v2\/pages"}],"about":[{"href":"http:\/\/qaustral.com.ar\/sitio\/wp-json\/wp\/v2\/types\/page"}],"author":[{"embeddable":true,"href":"http:\/\/qaustral.com.ar\/sitio\/wp-json\/wp\/v2\/users\/2"}],"replies":[{"embeddable":true,"href":"http:\/\/qaustral.com.ar\/sitio\/wp-json\/wp\/v2\/comments?post=5036"}],"version-history":[{"count":11,"href":"http:\/\/qaustral.com.ar\/sitio\/wp-json\/wp\/v2\/pages\/5036\/revisions"}],"predecessor-version":[{"id":6673,"href":"http:\/\/qaustral.com.ar\/sitio\/wp-json\/wp\/v2\/pages\/5036\/revisions\/6673"}],"up":[{"embeddable":true,"href":"http:\/\/qaustral.com.ar\/sitio\/wp-json\/wp\/v2\/pages\/4905"}],"wp:attachment":[{"href":"http:\/\/qaustral.com.ar\/sitio\/wp-json\/wp\/v2\/media?parent=5036"}],"curies":[{"name":"wp","href":"https:\/\/api.w.org\/{rel}","templated":true}]}}