{"id":5150,"date":"2012-01-16T14:00:25","date_gmt":"2012-01-16T14:00:25","guid":{"rendered":"http:\/\/qaustral.com.ar\/sitio\/?page_id=5150"},"modified":"2016-02-09T03:50:43","modified_gmt":"2016-02-09T03:50:43","slug":"prensa","status":"publish","type":"page","link":"http:\/\/qaustral.com.ar\/sitio\/empresa\/prensa\/","title":{"rendered":"Prensa"},"content":{"rendered":"<div class=\"one_fourth\"><div class=\"modern_img_frame modern_four_col_large\"><div class=\"modern_preload_four_col_large\"><div class=\"attachment-fadeIn\"><a href=\"http:\/\/www.papcordoba.com\/pagina.asp?ID=18613&amp;t=QAustral_apunta_a_la_expansi%C3%B3n_regional\" target=\"_blank\"><img src='http:\/\/qaustral.com.ar\/sitio\/wp-content\/themes\/Karma\/truethemes_framework\/extended\/timthumb\/timthumb.php?src=http:\/\/qaustral.com.ar\/prensa\/p8.jpg&amp;h=111&amp;w=190' alt='' \/><\/a><\/div><\/div><\/div><!-- end img_frame --><p> Entrevista de radio en 90.7 \u00abPunto a Punto\u00bb durante Abril de 2012. La empresa cordobesa de software ya tiene presencia en Chile y buscar\u00e1 dar el salto regional. Este a\u00f1o recibir\u00e1 dos certificados internacionales de testing.<\/p>\n<\/div><div class=\"one_fourth\"><div class=\"modern_img_frame modern_four_col_large\"><div class=\"modern_preload_four_col_large\"><div class=\"attachment-fadeIn\"><a href=\"http:\/\/www.youblisher.com\/p\/271555-Formaciones-de-Calidad-de-Software\/\" target=\"_blank\"><img src='http:\/\/qaustral.com.ar\/sitio\/wp-content\/themes\/Karma\/truethemes_framework\/extended\/timthumb\/timthumb.php?src=http:\/\/qaustral.com.ar\/prensa\/p9.jpg&amp;h=111&amp;w=190' alt='' \/><\/a><\/div><\/div><\/div><!-- end img_frame --><p>Programa completo de formaciones de QAustral 2012, publicado en el mes de Marzo detallando certificaciones ISTQB, IREB, programas de cursados especiales QA, QC, Calidad de Negocios, detalles de Instructores y cronograma anual.<\/p>\n<\/div><div class=\"one_fourth\"><div class=\"modern_img_frame modern_four_col_large\"><div class=\"modern_preload_four_col_large\"><div class=\"attachment-fadeIn\"><a href=\"http:\/\/www.youblisher.com\/p\/247724-InfoTesting\/\" target=\"_blank\"><img src='http:\/\/qaustral.com.ar\/sitio\/wp-content\/themes\/Karma\/truethemes_framework\/extended\/timthumb\/timthumb.php?src=http:\/\/qaustral.com.ar\/prensa\/p91.jpg&amp;h=111&amp;w=190' alt='' \/><\/a><\/div><\/div><\/div><!-- end img_frame --><p>Nota en la revista \u00abInfoTesting\u00bb. En Febrero de 2012 donde se detalla que Sergio Cusmai (QAustral) ha sido elegido embajador en Argentina del evento internacional expo:QA que se desarrolla en Madrid durante el mes de Junio. La iniciativa constituye una pressencia por primera vez en Argentina del mayor evento de Testing internacional de habla hispana.<\/p>\n<\/div><div class=\"one_fourth_last\"><div class=\"modern_img_frame modern_four_col_large\"><div class=\"modern_preload_four_col_large\"><div class=\"attachment-fadeIn\"><a href=\"http:\/\/www.sectorit.com.ar\/index.php\/empresas\/item\/466-qaustral-apunta-a-la-expansi\u00f3n-regional\" target=\"_blank\"><img src='http:\/\/qaustral.com.ar\/sitio\/wp-content\/themes\/Karma\/truethemes_framework\/extended\/timthumb\/timthumb.php?src=http:\/\/qaustral.com.ar\/prensa\/p92.jpg&amp;h=111&amp;w=190' alt='' \/><\/a><\/div><\/div><\/div><!-- end img_frame --><p>Posteo de la nota realizada por \u00abPunto a Punto\u00bb sobre las planificaciones de QAustral en 2012 y 2013, realizado por el medio digital \u00abSector IT\u00bb.<\/p>\n<\/div><br class=\"clear\" \/><div class=\"one_fourth\"><div class=\"modern_img_frame modern_four_col_large\"><div class=\"modern_preload_four_col_large\"><div class=\"attachment-fadeIn\"><a href=\"http:\/\/www.infotechnology.com\/notas\/259769-qaustral-testing-calidad\" target=\"_blank\"><img src='http:\/\/qaustral.com.ar\/sitio\/wp-content\/themes\/Karma\/truethemes_framework\/extended\/timthumb\/timthumb.php?src=http:\/\/qaustral.com.ar\/prensa\/p1.jpg&amp;h=111&amp;w=190' alt='' \/><\/a><\/div><\/div><\/div><!-- end img_frame --><p>Nota en la Revista \u00abInformation Technology\u00bb . Este articulo sali\u00f3 en la edici\u00f3n del 05\/09\/2011, y es una entrevista donde se detalla la actividad y el crecimiento de QAustral y su referencia en \u00e1mbito de la Calidad de Software.<\/p>\n<\/div><div class=\"one_fourth\"><div class=\"modern_img_frame modern_four_col_large\"><div class=\"modern_preload_four_col_large\"><div class=\"attachment-fadeIn\"><a href=\"http:\/\/www.youtube.com\/embed\/dMmKvwo6xmw?rel=0\" target=\"_blank\"><img src='http:\/\/qaustral.com.ar\/sitio\/wp-content\/themes\/Karma\/truethemes_framework\/extended\/timthumb\/timthumb.php?src=http:\/\/qaustral.com.ar\/prensa\/t1.jpg&amp;h=111&amp;w=190' alt='' \/><\/a><\/div><\/div><\/div><!-- end img_frame --><p>Nota en TV abierta, del programa \u00abClima de Negocios\u00bb en el mes de Julio de 2011, donde se entrevista a Sergio Cusmai (QAustral) y se desarrolla la importancia del Testing de Software en el desarrollo actual.<\/p>\n<\/div><div class=\"one_fourth\"><div class=\"modern_img_frame modern_four_col_large\"><div class=\"modern_preload_four_col_large\"><div class=\"attachment-fadeIn\"><a href=\"http:\/\/www.infonegocios.info\/Nota.asp?nrc=28324&amp;nprt=1\" target=\"_blank\"><img src='http:\/\/qaustral.com.ar\/sitio\/wp-content\/themes\/Karma\/truethemes_framework\/extended\/timthumb\/timthumb.php?src=http:\/\/qaustral.com.ar\/prensa\/p2.jpg&amp;h=111&amp;w=190' alt='' \/><\/a><\/div><\/div><\/div><!-- end img_frame --><p>Nota en la publicacion \u00abInfonegocios\u00bb. El 02\/05\/2011 en la secci\u00f3n \u00abLa Mirada\u00bb aparece una nota sobre la visi\u00f3n sobre el Software de Calidad.<\/p>\n<\/div><div class=\"one_fourth_last\"><div class=\"modern_img_frame modern_four_col_large\"><div class=\"modern_preload_four_col_large\"><div class=\"attachment-fadeIn\"><a href=\"http:\/\/www.comercioyjusticia.com.ar\/2010\/12\/14\/el-crecimiento-del-testing-de-software-y-su-norma-internacional\/\" target=\"_blank\"><img src='http:\/\/qaustral.com.ar\/sitio\/wp-content\/themes\/Karma\/truethemes_framework\/extended\/timthumb\/timthumb.php?src=http:\/\/qaustral.com.ar\/prensa\/p3.jpg&amp;h=111&amp;w=190' alt='' \/><\/a><\/div><\/div><\/div><!-- end img_frame --><p>Nota en Diario \u00abComercio y Justicia\u00bb. En Diciembre de 2010 se publica en el diario una nota de Marcelo Cusmai (QAustral) sobre el Crecimiento del Testing de Software y su norma internacional.<\/p>\n<\/div><br class=\"clear\" \/><div class=\"one_fourth\"><div class=\"modern_img_frame modern_four_col_large\"><div class=\"modern_preload_four_col_large\"><div class=\"attachment-fadeIn\"><a href=\"http:\/\/www.youtube.com\/watch?v=aup1j6fdVyE\" target=\"_blank\"><img src='http:\/\/qaustral.com.ar\/sitio\/wp-content\/themes\/Karma\/truethemes_framework\/extended\/timthumb\/timthumb.php?src=http:\/\/qaustral.com.ar\/prensa\/t2.jpg&amp;h=111&amp;w=190' alt='' \/><\/a><\/div><\/div><\/div><!-- end img_frame --><p>Nota periodistica en \u00abClima de Negocios\u00bb sobre la empresa Holandesa Nimbuzz, que establece un centro de desarrollo en Argentina despu\u00e9s de adquirir los servicios de QAustral.<\/p>\n<\/div><div class=\"one_fourth\"><div class=\"modern_img_frame modern_four_col_large\"><div class=\"modern_preload_four_col_large\"><div class=\"attachment-fadeIn\"><a href=\"http:\/\/www.infonegocios.info\/nota.asp?nrc=18671&amp;nprt=1\" target=\"_blank\"><img src='http:\/\/qaustral.com.ar\/sitio\/wp-content\/themes\/Karma\/truethemes_framework\/extended\/timthumb\/timthumb.php?src=http:\/\/qaustral.com.ar\/prensa\/p4.jpg&amp;h=111&amp;w=190' alt='' \/><\/a><\/div><\/div><\/div><!-- end img_frame --><p>En Febrero de 2010, QAustral establece un programa de asociativismo con emprendedores y otras empresas para llegar a nuevos mercados. Esta nota en Infonegocios es sobre ese tema. <\/p>\n<\/div><div class=\"one_fourth\"><div class=\"modern_img_frame modern_four_col_large\"><div class=\"modern_preload_four_col_large\"><div class=\"attachment-fadeIn\"><a href=\"http:\/\/blogsdelagente.com\/mentores\/2009\/11\/23\/historias-participantes-qaustral\/?doing_wp_cron\" target=\"_blank\"><img src='http:\/\/qaustral.com.ar\/sitio\/wp-content\/themes\/Karma\/truethemes_framework\/extended\/timthumb\/timthumb.php?src=http:\/\/qaustral.com.ar\/prensa\/p5.jpg&amp;h=111&amp;w=190' alt='' \/><\/a><\/div><\/div><\/div><!-- end img_frame --><p>Los premios \u00abMentores\u00bb contaron con la participaci\u00f3n de QAustral en 2009. En esta nota se detalla el nacimiento y desarrollo de la firma. <\/p>\n<\/div><div class=\"one_fourth_last\"><div class=\"modern_img_frame modern_four_col_large\"><div class=\"modern_preload_four_col_large\"><div class=\"attachment-fadeIn\"><a href=\"http:\/\/www.youtube.com\/watch?v=qheGGGjAk-g&amp;feature=related\" target=\"_blank\"><img src='http:\/\/qaustral.com.ar\/sitio\/wp-content\/themes\/Karma\/truethemes_framework\/extended\/timthumb\/timthumb.php?src=http:\/\/qaustral.com.ar\/prensa\/t3.jpg&amp;h=111&amp;w=190' alt='' \/><\/a><\/div><\/div><\/div><!-- end img_frame --><p>El programa \u00abIngenier\u00eda Global\u00bb Entrevista a Carlos Cusmai (QAustral) en 2010 sobre Calidad de Negocios.<\/p>\n<\/div><br class=\"clear\" \/><div class=\"one_fourth\"><div class=\"modern_img_frame modern_four_col_large\"><div class=\"modern_preload_four_col_large\"><div class=\"attachment-fadeIn\"><a href=\"http:\/\/www.flickr.com\/\/photos\/84986016@N00\/sets\/72157625821262419\/show\/\" target=\"_blank\"><img src='http:\/\/qaustral.com.ar\/sitio\/wp-content\/themes\/Karma\/truethemes_framework\/extended\/timthumb\/timthumb.php?src=http:\/\/qaustral.com.ar\/prensa\/p6.jpg&amp;h=111&amp;w=190' alt='' \/><\/a><\/div><\/div><\/div><!-- end img_frame --><p>En 2011 QAustral apoya el Game Jam Cba que es parte de la Global Game Jam, con notable presencia en los medios. <\/p>\n<\/div><div class=\"one_fourth\"><div class=\"modern_img_frame modern_four_col_large\"><div class=\"modern_preload_four_col_large\"><div class=\"attachment-fadeIn\"><a href=\"http:\/\/www.youtube.com\/watch?v=wWm7UdXi7IE\" target=\"_blank\"><img src='http:\/\/qaustral.com.ar\/sitio\/wp-content\/themes\/Karma\/truethemes_framework\/extended\/timthumb\/timthumb.php?src=http:\/\/qaustral.com.ar\/prensa\/t5.jpg&amp;h=111&amp;w=190' alt='' \/><\/a><\/div><\/div><\/div><!-- end img_frame --><p>En la Gala de Infonegocios de 2011, nominados en la terna de Servicios de Tecnolog\u00eda y Contact Center.<\/p>\n<\/div><div class=\"one_fourth\"><div class=\"modern_img_frame modern_four_col_large\"><div class=\"modern_preload_four_col_large\"><div class=\"attachment-fadeIn\"><a href=\"http:\/\/www.infonegocios.tv\/nota.asp?nrc=9971&amp;nprt=1\" target=\"_blank\"><img src='http:\/\/qaustral.com.ar\/sitio\/wp-content\/themes\/Karma\/truethemes_framework\/extended\/timthumb\/timthumb.php?src=http:\/\/qaustral.com.ar\/prensa\/p7.jpg&amp;h=111&amp;w=190' alt='' \/><\/a><\/div><\/div><\/div><!-- end img_frame --><p>En 2008 creamos nuestro Blog. Infonegocios nos publica en su secci\u00f3n de Blogs.<\/p>\n<\/div><div class=\"one_fourth_last\"><div class=\"modern_img_frame modern_four_col_large\"><div class=\"modern_preload_four_col_large\"><div class=\"attachment-fadeIn\"><a href=\"http:\/\/www.youtube.com\/watch?v=1o_7G7zwFtc&amp;feature=related\" target=\"_blank\"><img src='http:\/\/qaustral.com.ar\/sitio\/wp-content\/themes\/Karma\/truethemes_framework\/extended\/timthumb\/timthumb.php?src=http:\/\/qaustral.com.ar\/prensa\/t4.jpg&amp;h=111&amp;w=190' alt='' \/><\/a><\/div><\/div><\/div><!-- end img_frame --><p>El programa Ingenier\u00eda Global, entrevista en 2010 a QAustral sobre \u00abCalidad de Software\u00bb. <\/p>\n<\/div><br class=\"clear\" \/><div class=\"video-main\">\n\t<div class=\"video-frame\">\r\n<iframe loading=\"lazy\" src=\"http:\/\/www.youtube.com\/embed\/zm8pKHFkFps\" title=\"\" width=\"572\" height=\"312\"><\/iframe>\r\n<\/div><!-- end video-frame -->\n<\/div><!-- end video-main -->","protected":false},"excerpt":{"rendered":"","protected":false},"author":2,"featured_media":0,"parent":4847,"menu_order":6,"comment_status":"closed","ping_status":"closed","template":"","meta":{"footnotes":""},"class_list":["post-5150","page","type-page","status-publish","hentry"],"_links":{"self":[{"href":"http:\/\/qaustral.com.ar\/sitio\/wp-json\/wp\/v2\/pages\/5150","targetHints":{"allow":["GET"]}}],"collection":[{"href":"http:\/\/qaustral.com.ar\/sitio\/wp-json\/wp\/v2\/pages"}],"about":[{"href":"http:\/\/qaustral.com.ar\/sitio\/wp-json\/wp\/v2\/types\/page"}],"author":[{"embeddable":true,"href":"http:\/\/qaustral.com.ar\/sitio\/wp-json\/wp\/v2\/users\/2"}],"replies":[{"embeddable":true,"href":"http:\/\/qaustral.com.ar\/sitio\/wp-json\/wp\/v2\/comments?post=5150"}],"version-history":[{"count":11,"href":"http:\/\/qaustral.com.ar\/sitio\/wp-json\/wp\/v2\/pages\/5150\/revisions"}],"predecessor-version":[{"id":6371,"href":"http:\/\/qaustral.com.ar\/sitio\/wp-json\/wp\/v2\/pages\/5150\/revisions\/6371"}],"up":[{"embeddable":true,"href":"http:\/\/qaustral.com.ar\/sitio\/wp-json\/wp\/v2\/pages\/4847"}],"wp:attachment":[{"href":"http:\/\/qaustral.com.ar\/sitio\/wp-json\/wp\/v2\/media?parent=5150"}],"curies":[{"name":"wp","href":"https:\/\/api.w.org\/{rel}","templated":true}]}}